be the second derivative of -5*u**3/2 + 7*u**2/2 + 2*u. Let i(q) = 14*q - 8. Let h(d) = 4*i(d) + 5*m(d). Is h(-4) prime?
True
Is (14 - 1)/((-1)/(-19)) composite?
True
Is (3 - 4914/(-15)) + 4/10 composite?
False
Suppose 0 = m + 3*m. Let y(u) = 1 + m - 4 + 0*u + 44*u. Is y(2) a composite number?
True
Suppose 24 = r - 22. Is r composite?
True
Let b = 6 - 5. Let y(c) = 34*c + 1. Is y(b) prime?
False
Suppose -5*v + 502 = -3*v. Is v composite?
False
Suppose 0 = -19*j + 20*j - 443. Is j prime?
True
Suppose -3*v = -5*b - 731, 0 = v + 2*b - 317 + 77. Suppose 63 - v = -d. Is 4/(-8) - d/(-2) prime?
True
Let m = 18 + -26. Is (-1374)/(-24) - (-2)/m prime?
False
Suppose 0 = 5*q - 3*w - 2, 4*q - q - 5*w - 14 = 0. Let x be (q - 486/15)*-5. Let d = x - 93. Is d a composite number?
False
Suppose 0 = -2*l - o + 2177, -6 = -2*o - 0. Is l composite?
False
Suppose -5*c + 40 = -c. Is (-4)/c + (-14463)/(-45) a prime number?
False
Suppose -2*a = -5 - 3. Let t be (2 + -3)*1*-2. Suppose 128 = a*p + 2*d, -t*d + 15 = p - 14. Is p a composite number?
True
Suppose 2*w - 10 + 0 = 0. Let t(c) = -1 + 0*c**3 - 5*c**2 - c**3 + w*c + 8. Is t(-6) composite?
False
Suppose z - 2*g + g = -95, -z + 2*g = 96. Let c = -59 - z. Is c a prime number?
False
Let m(n) = -n**3 + 9*n**2 - 9*n + 11. Let r be m(8). Suppose -r*x - 93 = -6*x. Is x prime?
True
Let a = 1 + 2. Suppose -2*r - a*r = -1765. Is r composite?
False
Let g(p) = -p**2 + 4*p + 6. Let c be g(5). Suppose 3*m - 5 = c. Suppose 0 = 3*f - m*f - 55. Is f prime?
False
Suppose -41*g + 422 = -39*g. Is g prime?
True
Let o(g) = g**2 - g - 2. Let w be o(0). Let i(s) = s**2 - 6*s + 3. Let k be i(5). Is k + 2 + w + 121 prime?
False
Suppose -4463 = -2*n - 3*j + 2640, -9 = -3*j. Is n a composite number?
False
Let a(t) = 233*t - 13. Is a(4) a composite number?
False
Let g be 27/18 - (-6)/4. Suppose -g*n - 2*n - 290 = 0. Let i = 55 - n. Is i prime?
True
Suppose -16 = 5*q + 29. Let m(v) be the second derivative of -v**5/20 - 3*v**4/4 - v**3/2 - v**2 - v. Is m(q) composite?
True
Let r = 9 - -11. Let w = -3 - -4. Let h = w + r. Is h prime?
False
Suppose 4*d + 0 = 8. Suppose d*a - 336 = -2*p, 6*a - 2*a = -p + 669. Suppose -4*m + 2*g = -132, -5*m = g - 4*g - a. Is m prime?
True
Suppose 49 = -c - 3*c + 5*u, -2*c + 3*u - 27 = 0. Let t(i) = -i**3 - 7*i**2 - 5*i + 4. Let q be t(c). Is 21 + (1/(-1) - q) composite?
True
Let t = -1 - -1. Suppose 154 = 2*b + 4*r, -5*b + t*r = -2*r - 397. Is b a prime number?
True
Let u(n) = -n**2 + 7*n - 2. Let x be u(6). Suppose z + 5 = -x. Let v(c) = -c**3 - 7*c**2 + 12*c - 5. Is v(z) a composite number?
True
Let a(n) = 2 - 1 + n + 2 + n**3 + 6*n**2. Let k be a(-6). Is (0 - (-38)/(-6))*k composite?
False
Suppose 4*c - 101 = 1167. Is c a composite number?
False
Suppose j = -2*t + 65, -53 = -3*j + 2*j + t. Let y be (-1 - j)*35/(-14). Let u = -30 + y. Is u a composite number?
True
Let g(v) = -v**3 + 9*v**2 - 9*v + 4. Let k be g(8). Let l(y) = 12*y**2 + 9. Is l(k) a composite number?
True
Suppose -71*r = -75*r + 14636. Is r prime?
True
Is 15/(-15)*(-337 - (-2 - -4)) composite?
True
Suppose -2*i + 10 = 2*i - 2*y, i = 2*y + 4. Let r(h) = h**2 + 6*h. Let b be r(-7). Suppose -b*f = -i*f - 30. Is f a composite number?
True
Let u(d) = -d**2 + 329. Let i be u(0). Is i + (4 + -2)*1 composite?
False
Let s(n) = -93*n. Let j be s(-1). Suppose -j + 251 = 2*v. Suppose -158 = -2*t + 5*a, 2*t = 3*t + 3*a - v. Is t prime?
True
Let j(d) = -d**3 + 1258. Let w be j(0). Suppose 5*y = 5*m + 1240, w = 7*y - 2*y + m. Is y prime?
True
Let f be 17504/112 - 4/14. Let u(m) = m**2 - 6*m - 7. Let w be u(7). Suppose -b - 3*b + f = w. Is b prime?
False
Suppose -2*o - 141 = 11. Let r = 13 - o. Is r a prime number?
True
Suppose -3*t = -4*t + 1. Let j(a) = 92*a**3 + a**2 - a + 1. Let p be j(t). Suppose -3*x - p = -426. Is x composite?
True
Let u(i) = -i**2 + 7*i - 5. Let j be u(4). Suppose -34 = -3*h - j. Let m = h + 1. Is m a prime number?
False
Suppose -2*q + 5*c = 101, 5*c = -5*q + c - 269. Is (q + 0)/((-1)/1) composite?
False
Let z be (10/(-15))/(1/(-15)). Let j(t) be the third derivative of t**4/12 - t**3 + t**2. Is j(z) a prime number?
False
Suppose 8 = w + w. Suppose -k = -w*k - 4*v + 185, 0 = -3*k + v + 175. Is k a prime number?
True
Let h(v) = 3*v**2 - v + 1. Let o be h(1). Suppose 450 - 69 = o*n. Is n prime?
True
Let c = 3 + -1. Suppose 256 = c*t + q, -4*t - 7*q = -3*q - 516. Is t a prime number?
True
Let k be (-1 - -2)*(-369)/(-3). Let m = -6 + k. Suppose 264 = 5*n - 3*l, -3*n + n + 5*l + m = 0. Is n prime?
False
Let z = 1235 - 558. Is z a composite number?
False
Suppose 1200 = 2*v - y - 199, 3*y + 692 = v. Is v a prime number?
True
Suppose -15 = 5*x - 5. Let f = x + 4. Suppose -f*m = -143 - 23. Is m composite?
False
Is -1 + 544 + (-4)/2 a composite number?
False
Let s(a) be the first derivative of a**4/4 - 5*a**3/3 - 4*a**2 - 7*a + 1. Is s(7) a composite number?
True
Let m = -1 + 78. Is m composite?
True
Let w be 0*(2 + (-2)/2). Suppose w = -3*q - 444 + 141. Is (-2)/8 + q/(-4) prime?
False
Suppose -2*g - 3 = -9. Let v(s) = s - 3*s + 32*s**2 + g*s. Is v(-1) a composite number?
False
Let w(g) = 2*g**2 - 8*g + 5. Is w(-7) prime?
False
Let w = 1 + 0. Let g = w + 0. Is (1 - (3 - 67))*g composite?
True
Suppose 0 = 2*y + 2*f - 382, y + 3*y - f = 764. Is y a composite number?
False
Let s(r) = -r**3 + 12*r**2 - 19*r + 5. Is s(8) prime?
True
Let f = -26 - 70. Let g = f + 155. Is g a prime number?
True
Let j = 27 - -280. Is j prime?
True
Suppose o - 4 = -3*o. Let d be (60/14)/(o/7). Let p = d - 17. Is p prime?
True
Suppose -d = -5*o + 1, -4*d + 2*o - 3*o = 4. Let p = 1 + d. Suppose p = -5*x + x + 44. Is x a prime number?
True
Let d be (1/(-2))/((-11)/858). Suppose 0 = 3*k - 0*k + 78. Let s = d + k. Is s prime?
True
Let f(x) = 4*x**3 - 5*x + 9. Is f(6) a prime number?
False
Suppose a - 6 = -2*a. Suppose a*p + p = 291. Is p prime?
True
Suppose -5*w + 2*n = -2225, w + n = -0*n + 445. Is w composite?
True
Suppose -4527 = -5*s - 2*n, 20 = -3*n + 8. Is s composite?
False
Suppose 2*u + 2*u = 488. Suppose 263 = 5*g - 2*r - 0*r, -2*g = -5*r - u. Is g a composite number?
True
Suppose 0 = -10*z + 266 + 114. Is z a composite number?
True
Let n(d) = 108*d + 1. Let w be n(1). Suppose 0 = -0*j + 4*j + 5*g - 451, -j - 2*g + w = 0. Is j a composite number?
True
Let i(f) = 0 + 9*f - 3*f**2 - 1 + 3*f**3 - 8*f + f**3. Is i(2) prime?
False
Suppose -4*a - a + 4295 = 0. Is a prime?
True
Suppose 5*q + 5*l - 1232 = -457, -3*l = q - 147. Is q a composite number?
True
Let a = -2875 + 4478. Is a a composite number?
True
Let k be -42 - (3 + -5 - -1). Let o = 192 - k. Is o a composite number?
False
Let y be -2 - -4*5/2. Let u(p) = -p**3 + 8*p**2 + 7*p + 11. Is u(y) prime?
True
Let k(u) = -4*u + 1. Let o be k(1). Let m be 4/(-14) - (-844)/14. Let t = o + m. Is t prime?
False
Let o(l) = 175*l**2 + 4*l - 1. Is o(4) a composite number?
True
Let y(c) be the second derivative of -c**5/20 - c**4/12 + c**3/3 + c**2 + c. Is y(-3) a composite number?
True
Is (-1)/(3348/(-836) + 4) a composite number?
True
Suppose 22 = 3*l + 5*j, -23 = -2*l + j + 4*j. Let a = l - 6. Is a/(-6) - 58/(-4) prime?
False
Suppose 0 = -5*g - 3*w + 15, 2*w - 6 = 3*g + 4. Suppose -2*x + 14 + 4 = g. Is x prime?
False
Let n be (-1 + -477)*(-2 + 1). Let x = 859 - n. Is x composite?
True
Let t = 773 - 351. Is t composite?
True
Is -1 - -5 - (-631 + 0) composite?
True
Let x(p) = -12*p**2 + 2*p - 4*p - p**3 + 13 - 5*p - p. Is x(-12) composite?
False
Suppose -1783 = -4*m - k, 4*m = -m - 4*k + 2226. Suppose c - 2*n - 127 = 0, 189 = 5*c + 2*n - m. Is c composite?
False
Let y(c) = c - 1. Let f be y(5). Suppose 0 = -5*o - 20, -2*o + 1372 = f*b + o. Let t = b + -185. Is t a composite number?
True
Is 161780/100 - 2/(-10) prime?
False
Let f = 127 + 30. Is f prime?
True
Let x(g) = -3*g**3 + 3*g**2 - 4*g + 8. Is x(-5) a composite number?
True
Let t be 3 + (0 - (-4)/(-4)). Suppose -5*h + 67 = -d, h + 5*d = t*h + 1. Is h a prime number?
False
Suppose 6*q - 2*l - 756 = q, -2*q - 5*l + 285 = 0. Suppose 3*h = -2*y + 39, -3*h = -5*y - 42 + q. Is y a prime number?
False
Let m be ((-8)/(-6))/((-3)/153). Let g = m - -157. Is g prime?
True
Let q(k) = -k**2 - 5*k. Suppose -3*c - 11 = -w, 0*w = -3*w - 3*c - 27. Let j be q(w). Suppose 123 - 35 = j*i. 